 the thousands digit of 53131762?
1
What is the thousands digit of 638815012?
5
What is the thousands digit of 3950800346?
0
What is the thousands digit of 980550392?
0
What is the millions digit of 142876046?
2
What is the hundred thousands digit of 325322368?
3
What is the hundreds digit of 9940154?
1
What is the tens digit of 15937087?
8
What is the tens digit of 382886067?
6
What is the ten millions digit of 417631876?
1
What is the units digit of 181072098?
8
What is the units digit of 26172950?
0
What is the units digit of 128763470?
0
What is the hundred thousands digit of 91825861?
8
What is the millions digit of 4764928730?
4
What is the thousands digit of 160144266?
4
What is the thousands digit of 1658386231?
6
What is the millions digit of 4657998?
4
What is the ten millions digit of 470759733?
7
What is the hundred thousands digit of 204203624?
2
What is the millions digit of 10034639?
0
What is the ten millions digit of 281784891?
8
What is the hundred thousands digit of 5396688475?
6
What is the billions digit of 2120171488?
2
What is the ten thousands digit of 16911766?
1
What is the thousands digit of 35167991?
7
What is the ten thousands digit of 179834467?
3
What is the billions digit of 3201911302?
3
What is the hundred thousands digit of 1482712831?
7
What is the tens digit of 144532179?
7
What is the hundred thousands digit of 259223514?
2
What is the ten thousands digit of 2669341393?
4
What is the thousands digit of 40435716?
5
What is the ten thousands digit of 355094727?
9
What is the hundreds digit of 49259860?
8
What is the hundred thousands digit of 574436709?
4
What is the tens digit of 3061550341?
4
What is the units digit of 482790377?
7
What is the ten millions digit of 286988333?
8
What is the millions digit of 163394547?
3
What is the millions digit of 32955988?
2
What is the thousands digit of 6751936?
1
What is the hundreds digit of 63470137?
1
What is the millions digit of 1255047599?
5
What is the millions digit of 190761975?
0
What is the ten thousands digit of 55195657?
9
What is the hundreds digit of 116697814?
8
What is the billions digit of 7298997102?
7
What is the ten millions digit of 69155972?
6
What is the ten millions digit of 229496600?
2
What is the hundreds digit of 119705016?
0
What is the tens digit of 299527327?
2
What is the billions digit of 8999126537?
8
What is the units digit of 25458028?
8
What is the millions digit of 89206827?
9
What is the ten thousands digit of 100270532?
7
What is the ten thousands digit of 18384093?
8
What is the tens digit of 42010143?
4
What is the thousands digit of 2867655200?
5
What is the millions digit of 1326954854?
6
What is the units digit of 107022319?
9
What is the thousands digit of 13559426?
9
What is the ten thousands digit of 30737084?
3
What is the hundreds digit of 246098847?
8
What is the units digit of 1422501561?
1
What is the hundreds digit of 1600845?
8
What is the hundred millions digit of 2328836342?
3
What is the billions digit of 5463575302?
5
What is the hundreds digit of 149606248?
2
What is the hundred thousands digit of 1159135958?
1
What is the tens digit of 394557?
5
What is the ten thousands digit of 1612216219?
1
What is the ten millions digit of 75533228?
7
What is the hundred thousands digit of 211651345?
6
What is the hundreds digit of 68816472?
4
What is the ten thousands digit of 366904678?
0
What is the units digit of 1057357238?
8
What is the billions digit of 7845177542?
7
What is the thousands digit of 407695392?
5
What is the ten millions digit of 31016584?
3
What is the ten millions digit of 70233168?
7
What is the ten millions digit of 121380455?
2
What is the units digit of 513500602?
2
What is the hundreds digit of 348820738?
7
What is the ten thousands digit of 60671888?
7
What is the millions digit of 69183134?
9
What is the units digit of 339051476?
6
What is the tens digit of 3808235592?
9
What is the millions digit of 18937917?
8
What is the ten millions digit of 60114080?
6
What is the hundreds digit of 21303902?
9
What is the hundred thousands digit of 85523340?
5
What is the ten thousands digit of 190757644?
5
What is the ten millions digit of 4759100044?
5
What is the millions digit of 20481493?
0
What is the millions digit of 470330739?
0
What is the units digit of 577163798?
8
What is the hundreds digit of 48097054?
0
What is the hundred millions digit of 171569285?
1
What is the thousands digit of 2318657353?
7
What is the thousands digit of 6020814?
0
What is the ten millions digit of 1845724676?
4
What is the ten millions digit of 198197036?
9
What is the thousands digit of 629679646?
9
What is the tens digit of 110891267?
6
What is the hundreds digit of 81851733?
7
What is the tens digit of 2548024315?
1
What is the hundreds digit of 5629674514?
5
What is the hundred thousands digit of 824417797?
4
What is the millions digit of 2148290055?
8
What is the ten millions digit of 17171741?
1
What is the tens digit of 420740153?
5
What is the ten thousands digit of 23578953?
7
What is the units digit of 73965952?
2
What is the units digit of 546030618?
8
What is the ten thousands digit of 4670098577?
9
What is the ten thousands digit of 15611343?
1
What is the units digit of 29850239?
9
What is the hundred millions digit of 1494930426?
4
What is the ten thousands digit of 316258601?
5
What is the hundreds digit of 3340111707?
7
What is the ten thousands digit of 437305597?
0
What is the ten thousands digit of 3402300?
0
What is the units digit of 55416576?
6
What is the ten thousands digit of 411712210?
1
What is the hundred thousands digit of 339783645?
7
What is the tens digit of 2718570?
7
What is the hundred millions digit of 123605576?
1
What is the ten millions digit of 970885097?
7
What is the hundreds digit of 2246136?
1
What is the hundred millions digit of 6283540841?
2
What is the millions digit of 709690573?
9
What is the thousands digit of 275582071?
2
What is the ten thousands digit of 367410533?
1
What is the ten millions digit of 236083659?
3
What is the millions digit of 452025437?
2
What is the thousands digit of 277347816?
7
What is the ten millions digit of 177888185?
7
What is the ten thousands digit of 216880648?
8
What is the ten thousands digit of 1739270020?
7
What is the ten millions digit of 336034198?
3
What is the ten thousands digit of 20730847?
3
What is the tens digit of 332955949?
4
What is the ten millions digit of 453119429?
5
What is the ten thousands digit of 73070070?
7
What is the ten millions digit of 3908543041?
0
What is the units digit of 2114925934?
4
What is the hundreds digit of 13636056?
0
What is the tens digit of 344918346?
4
What is the hundred millions digit of 467411001?
4
What is the hundreds digit of 41929070?
0
What is the hundred millions digit of 392771261?
3
What is the ten millions digit of 839732636?
3
What is the hundred thousands digit of 912863624?
8
What is the hundred thousands digit of 38153382?
1
What is the units digit of 2276251314?
4
What is the thousands digit of 227942216?
2
What is the ten millions digit of 95332934?
9
What is the billions digit of 3709263822?
3
What is the hundred thousands digit of 376165521?
1
What is the units digit of 1578114014?
4
What is the hundreds digit of 2627947603?
6
What is the millions digit of 294345673?
4
What is the ten millions digit of 54809596?
5
What is the units digit of 585190112?
2
What is the units digit of 3968585093?
3
What is the millions digit of 46831935?
6
What is the ten millions digit of 130002611?
3
What is the units digit of 64335708?
8
What is the ten thousands digit of 117973765?
7
What is the ten thousands digit of 56998092?
9
What is the tens digit of 4058288802?
0
What is the hundred thousands digit of 1647234002?
2
What is the units digit of 229229279?
9
What is the tens digit of 2481167350?
5
What is the ten thousands digit of 317867577?
6
What is the billions digit of 1434195418?
1
What is the hundred thousands digit of 38052514?
0
What is the tens digit of 264329741?
4
What is the ten thousands digit of 766982949?
8
What is the millions digit of 359750000?
9
What is the millions digit of 223275909?
3
What is the units digit of 26310621?
1
What is the thousands digit